test common factor of 65 and r.
13
Suppose -2*s - 4 = -0. Let p be -18*(0 + s/3). What is the greatest common divisor of p and 36?
12
Suppose 105 = 150*d - 147*d. What is the highest common divisor of 20 and d?
5
Suppose -5*x - 546 + 606 = 0. Calculate the highest common divisor of x and 996.
12
Let u(i) = 3*i + 10. Let d be u(-2). Suppose 113 = 2*z - 3*s - d, 0 = -3*s + 3. What is the highest common factor of z and 3?
3
Suppose -29*r + 2033 = -27*r - 5*p, -4*r + 5*p + 4091 = 0. What is the greatest common factor of r and 63?
21
Suppose 123 = 21*x - 465. Suppose 0 = g + 4*f - 23, 5*g = f + 31 - 0. What is the highest common factor of x and g?
7
Let b = 142 + -245. Let o = b - -175. Suppose -s - 3*s = -o. What is the highest common factor of s and 144?
18
Suppose -4*k + 2*k + 98 = 0. Calculate the greatest common divisor of 21 and k.
7
Let b(r) = r**2 + 83*r + 815. Let f be b(-72). Let w = -185 + 300. Calculate the greatest common divisor of f and w.
23
Let j = -1013 - -1701. Calculate the greatest common divisor of 16 and j.
16
Let z(w) = -5 - w**2 - 15 + 16*w - 7. Let p be z(11). What is the highest common divisor of 70 and p?
14
Suppose -3*d + 2*p = -p - 240, 0 = -5*p - 25. Let y be (12/(-5))/((-15)/d). Let i be 4/10 + 118/5. What is the greatest common divisor of y and i?
12
Let o = -257 - -259. Calculate the greatest common factor of 46 and o.
2
Suppose 38*w - 42*w + 120 = 0. Calculate the highest common divisor of w and 18.
6
Suppose 0 = 19*g - 98 - 35. What is the highest common factor of 217 and g?
7
Let d(b) be the second derivative of 0 + 5/6*b**3 - 3/2*b**2 + 3*b. Let g be d(4). What is the greatest common divisor of g and 51?
17
Let n = -150 - -88. Let c be (-3)/(6/4) - n. Suppose 9*r + 120 = 15*r. Calculate the greatest common divisor of c and r.
20
Let g = -209 - -465. Calculate the greatest common factor of g and 4.
4
Let q(t) = 3*t + 6. Let k be q(8). Suppose -138 = -12*s + k. Calculate the highest common divisor of s and 14.
14
Suppose -21*u - 588 = -2*a - 19*u, 0 = 5*a - 3*u - 1472. What is the highest common factor of 5 and a?
5
Suppose 1120 = 19*x + 16*x. What is the highest common factor of x and 176?
16
Suppose -n - 5*n + 18 = 0. Suppose -n*b + 11 = -4. Suppose -21 = b*c - 336. What is the highest common factor of c and 9?
9
Suppose 4*b = -b + 20. Let z be 198*b/(-16)*-2. What is the highest common factor of z and 11?
11
Let f(h) = 32*h**2 - h - 2. Let t be f(-1). Let q(a) = 110*a + 7. Let m be q(14). Suppose 431 - m = -4*w. Calculate the greatest common divisor of w and t.
31
Let r be ((-6)/(-4))/((-39)/(-52)). Suppose 46 = r*m - 20. Calculate the greatest common divisor of 22 and m.
11
Let x be -5 + (-4)/(-2) + 14. Suppose 5 = 2*v - x. Calculate the highest common divisor of v and 1.
1
Suppose 0 = 2*j + 3 - 9. Suppose -9 = -j*f + 3. Suppose -40 = -3*w + 2*u - 5, 7 = -w - f*u. Calculate the highest common divisor of 18 and w.
9
Suppose -t = 5*m - 847, 5*t - 2*m + 6*m = 4172. What is the greatest common divisor of 78 and t?
26
Let g(d) = -2*d**2 + 2*d + 6. Let m be g(3). Let i be 3/(m/320*-1). Calculate the greatest common factor of 20 and i.
20
Let n = -195 - -260. Suppose 2 = 4*w - 5*u, 2*u = 3*w + u - 7. Let v = 16 - w. Calculate the highest common divisor of v and n.
13
Suppose -104 = -3*f + 43. What is the highest common factor of 35 and f?
7
Let s(o) = -3*o - 42. Let t be s(-18). Suppose t*f = 10*f + 30. Calculate the highest common divisor of f and 180.
15
Let z = 731 - 560. What is the highest common divisor of z and 9?
9
Let j = 14 + -111. Let x = -13 - -8. Let o be j/x + 2/(-5). Calculate the greatest common factor of 38 and o.
19
Let t(b) = -b + b**3 + 0*b**2 + 5*b**2 + 7 - 3*b - b. Let y(n) = 3*n + 4. Let m be y(-3). Let d be t(m). What is the greatest common divisor of d and 288?
32
Let j = 8 - 3. Suppose -j*f + 10 = 0, 9*w - 2*f + 14 = 4*w. Let q be (-3)/w*(-32)/(-3). Calculate the highest common factor of 16 and q.
16
Suppose 2*w = -87 - 25. Let g = w + 112. Calculate the greatest common divisor of 8 and g.
8
Suppose 3*n = n - 4*m + 170, 267 = 3*n + 3*m. What is the greatest common factor of 31 and n?
31
Let r be (-3584)/(-336)*18/8. Calculate the highest common factor of 30 and r.
6
Suppose 2*p - 4*u + 2*u = 18, -4*p + 39 = -5*u. Suppose -147 = -p*m + 501. What is the greatest common divisor of 12 and m?
12
Suppose -4*h - 3 = 5. Let v = -2 - h. Suppose 5*p + 6 - 31 = v. What is the greatest common factor of p and 15?
5
Let p = -10 - -13. Let k(f) = -35*f - 4. Let a be k(p). Let y = 241 + a. Calculate the greatest common divisor of 12 and y.
12
Let f(x) = -x**2 - 11*x + 19. Let z(a) = -a + 2. Let g be z(14). Let k be f(g). What is the highest common divisor of k and 7?
7
Suppose -52 - 48 = -2*p. Let a be (-3)/24*-2 - 735/28. Let x = a + p. Calculate the highest common divisor of x and 120.
24
Let t = 10 + -9. Let b be (t - 4)*32/(-3). What is the highest common factor of 128 and b?
32
Let o be -2 + 1020/9 - 10/(-15). Suppose 14*s = 15*s - o. What is the greatest common divisor of 14 and s?
14
Let y be ((-2)/(-4))/(1/1844). Let n = y + -643. Suppose 0 = 2*k - 7 - n. Calculate the highest common factor of 13 and k.
13
Let f = -1 + 4. Let l be ((-220)/f)/(-4) - 4/(-6). What is the highest common factor of 95 and l?
19
Let p = 29 + 0. Suppose 0 = -4*x - 514 + 1558. What is the greatest common factor of x and p?
29
Let k(y) = y**2 + 3*y + 123. Let f be k(0). Let q be (-1)/(f/(-30) + 4). Calculate the greatest common factor of q and 40.
10
Suppose 0 = 3*b - b. Suppose b = -6*g + 3*g + 462. What is the highest common divisor of g and 14?
14
Suppose -3*k + 4*q + 5 = 0, -16*k + 3*q = -19*k + 33. Calculate the greatest common factor of 1099 and k.
7
Let a(k) = -35*k + 4. Let n be a(0). Suppose -4*v + 15 = -1. What is the greatest common factor of n and v?
4
Let q be (-6)/4 - (-294)/4. Suppose -3*r + q = -0*r. Calculate the greatest common factor of r and 6.
6
Let i(q) = q**2 + 7*q + 10. Let d be i(-5). Suppose 2*y + 5*u + 4 = 31, u + 5 = d. What is the highest common divisor of y and 13?
13
Suppose -5*d + 2*o = 4*o + 2308, -1844 = 4*d + o. Let t be (-2)/(16/d)*2. What is the highest common divisor of 23 and t?
23
Let q = 1 + -2. Let z = q - -9. Let k be 3 + (3 + 0 - -2). Calculate the greatest common factor of k and z.
8
Let d(m) = m**3 - 9*m**2 + 3*m - 4. Let r be d(6). Let q = -34 - r. Calculate the greatest common factor of 150 and q.
30
Let z = 448 + -442. Let j = -3 + 6. Calculate the highest common factor of j and z.
3
Let l(w) = w + 1. Let b be l(-1). Suppose 2*n - 5*t - 20 = b, 76 = 4*n + 3*t - 4*t. Let h = n - 7. What is the highest common factor of h and 143?
13
Suppose 104*f - 144 = 95*f. What is the greatest common factor of 284 and f?
4
Suppose -5*b + 101 = 4*m, -3*b + 0*b = -3. Let o(y) = -12*y. Let z be -3 - -4 - (5 - -1). Let x be o(z). What is the highest common factor of x and m?
12
Let j(k) = -k**2 + 6. Suppose -5*y - 5*n - 1 + 21 = 0, -2*n = 3*y - 7. Let w be y + -1 + -1 + 3. Let c be j(w). What is the greatest common divisor of 2 and c?
2
Suppose 2*f - 7*f + 3*n = -117, 4*n - 68 = -4*f. Let y be (-4)/14 + 762/f. Let d be 0/(-1) + -2 + 20. Calculate the highest common factor of y and d.
18
Suppose -3*u + a = 4*a - 198, -366 = -5*u + 4*a. Let j = 22 - 12. Calculate the highest common divisor of u and j.
10
Let c be (-34)/6*6/(-2). Let z = c + -13. Let p = z - -3. Calculate the greatest common factor of p and 56.
7
Suppose -4*x = -2*x + 10, 180 = 5*p - 3*x. Suppose 4*b - p = -17. Suppose -10 = r + 4*h - 3, -2*r - 3*h - 4 = 0. What is the highest common factor of r and b?
1
Let g = -128 - -273. Suppose -3*o + 4*o - 29 = 0. What is the greatest common divisor of g and o?
29
Suppose 4*h + 2 = 18. Suppose f - 2*v = 8, -f + 7 = h*f + v. Calculate the greatest common divisor of f and 10.
2
Let a be (-9)/4 + 1/4. Let x(j) = -j**3 + j**2 + 3*j + 4. Let o be x(a). What is the highest common factor of o and 20?
10
Let j(p) = p**3 - 6*p**2 - 6*p + 3. Let b be j(7). Let n be ((-2)/(-1) + b)*1. Calculate the greatest common divisor of 24 and n.
12
Suppose 2 = -g - 2. Suppose -4*i + 12 = 0, -2*l + 0*i + 5*i = -125. Let x be (-10)/(l/18 + g). Calculate the greatest common divisor of x and 18.
18
Suppose -8426 